5*h + 6*h = -j. Let b = h - -46. What are the prime factors of b?
2, 7
What are the prime factors of (-4 - (-122)/(-5 - -3))/(-1)?
5, 13
Suppose 11397 = 16*x + 4133. List the prime factors of x.
2, 227
Let i(m) be the first derivative of 5 - 1/2*m**2 + 12*m. What are the prime factors of i(0)?
2, 3
Let d be 15/(-2)*(-16)/(-12). Let j(y) = y**3 + 11*y**2 + 9*y + 3. Let z be j(d). Suppose -12*l = -z*l + 65. List the prime factors of l.
5, 13
Let s = 4 + 3. Suppose 0 = -k + s*k - 342. What are the prime factors of k?
3, 19
Suppose -29*n + 265 = -24*n. Suppose -5*a + 4*a = -n. What are the prime factors of a?
53
Suppose -5934 - 2571 = -15*g. What are the prime factors of g?
3, 7
Let u(a) be the first derivative of 58*a**2 - 2*a + 2. Let f be u(-1). Let l = f + 194. What are the prime factors of l?
2, 19
List the prime factors of 674*1 - 20/(-20).
3, 5
Suppose 2*j + 2*k = -8, j + 5*k + 0 = -4. Let c be 5*(-3 - (0 + j)). Suppose 54 = a + c*r, -5*a + 226 = 6*r - 3*r. What are the prime factors of a?
2, 11
Suppose -u = -1, x + u + 7 = -0*x. Let h(m) = 3*m**2 + 5*m - 4. Let o be h(-5). Let f = o + x. What are the prime factors of f?
2, 19
Let p = 1043 - 685. List the prime factors of p.
2, 179
Let u(d) = -d - 1. Let j be u(11). Suppose 2*m = -3*m + 85. Let b = j + m. List the prime factors of b.
5
Suppose -5*s - i = -839, 2*s - 505 = -s + i. List the prime factors of s.
2, 3, 7
Let x(k) = 2*k - 3. Let g be x(4). Suppose 107 = g*j - 4*j. What are the prime factors of j?
107
Let d(y) = -y**3 + y**2 + y + 2. Let s be d(2). Suppose s = 6*j - 2*j - 272. Suppose -j + 213 = 5*c. List the prime factors of c.
29
Let l = 504 - 247. Suppose -5*j + l = 27. List the prime factors of j.
2, 23
Let o = 1165 - 794. List the prime factors of o.
7, 53
Let l be (-26)/52*5*-2. Suppose -3*c - 390 = -l*r, -r + 3*c = r - 165. List the prime factors of r.
3, 5
Suppose -9 = 4*f - 1. What are the prime factors of ((-64)/(-20) + -2)/(f/(-145))?
3, 29
Let v = 11 + -12. Let l = 4 - v. Suppose 0 = f + 4, -l*z = -3*f - f - 146. List the prime factors of z.
2, 13
Let k = 413 + 1799. List the prime factors of k.
2, 7, 79
Let n(z) = -4 + 0 + 3 + 3*z - 2. Let g be n(-2). Let p(j) = -5*j - 6. List the prime factors of p(g).
3, 13
Suppose 0 = 5*r + 5*d - 11140, 27*d - 2220 = -r + 24*d. List the prime factors of r.
2, 3, 31
Let s(r) = -77*r**3 + 5*r + 30. List the prime factors of s(-3).
2, 3, 349
List the prime factors of (-63)/((-2)/16*4).
2, 3, 7
Suppose -5*d = 3*z - 395, 3*d = d - 4. Suppose -3*y + 69 = -z. What are the prime factors of y?
2, 17
Let r be ((-4)/(-2))/(4/8). Let t(g) = -g - 8. Let d be t(0). List the prime factors of ((-10)/r)/(d/16).
5
Suppose 2*n = -2*s + s + 3, 3*n = 4*s + 10. Let x be 3 + -2 - -1 - n. Suppose -b + 0*b + 31 = x. List the prime factors of b.
31
Let a = -24 + 35. Let o(i) = -7*i**3 + 12 + 11*i + i**3 + 5*i**3 + 10*i**2. List the prime factors of o(a).
2, 3
Let a = 223 + 82. What are the prime factors of a?
5, 61
Let b(g) = -g**3 + 3*g**2 + 4*g - 3. Let h be b(3). Let u be (-19)/(228/(-16))*21/2. Let z = u - h. What are the prime factors of z?
5
Suppose 202020 = -665*z + 702*z. What are the prime factors of z?
2, 3, 5, 7, 13
List the prime factors of (-4)/(((-3)/27)/(40/3)).
2, 3, 5
Let l(x) = 71*x - 131. What are the prime factors of l(8)?
19, 23
Let j be 15/(-10)*(-4)/3. Let d(g) = 6*g**2 - 4*g. Let p be d(-3). Suppose -j*y = y - p. What are the prime factors of y?
2, 11
Let z(v) = v**2 - 9*v + 5. Let m be z(7). Let k(p) = -p**2 - 9*p - 4. Let q be k(-6). Let r = m + q. List the prime factors of r.
5
List the prime factors of 3490/4 + (-20)/((-160)/12).
2, 19, 23
Suppose -535 = -5*u - 3*z - 2*z, 5*u = -4*z + 534. Suppose l = 5*g - 262, 0 = 2*g - 3*l + 2*l - u. What are the prime factors of g?
2, 13
Suppose -4*o - 3*p = -2283, 5*o = 3*p + 69 + 2805. List the prime factors of o.
3, 191
Let b(k) = k**3 + 10*k**2 + 8*k - 4. Let u(q) = 9 - 9 + 2*q + 11 + 2. Let d be u(-11). What are the prime factors of b(d)?
5
Let u be (-1)/(-3) + 700/6. Let h(m) = -4*m + 10. Let k be h(5). List the prime factors of u/5 - (-4)/k.
23
Let p(u) = 4*u - 3*u**2 - 5 + 2*u**2 - 6 + 2*u**2. What are the prime factors of p(6)?
7
Let k be (-2 - (-9)/3) + 194. Let z be (k/52)/(2/(-16)). What are the prime factors of (15 + -14)*z/(-1)?
2, 3, 5
Let p(c) = 3*c + 8. Let q be p(-10). Let m = 37 - q. What are the prime factors of m?
59
Suppose j + 2*y - 5*y = -1, -2*j = 2*y + 10. Let i(z) = -14*z + 5. What are the prime factors of i(j)?
61
Suppose 3*w - 8724 = -3*q, 7562 = 4*q + 5*w - 4066. List the prime factors of q.
2, 7, 13
Suppose -199813 = -78*g + 175601. List the prime factors of g.
4813
Let u(b) = -b**2 - 11*b - 1. Suppose -y - 2*y = 0. Suppose y*s - 2*p = 4*s + 38, -s - 5 = 5*p. List the prime factors of u(s).
3
Let p = -16 + 27. Let y = p - 8. Suppose -82 = -y*h - 13. What are the prime factors of h?
23
Let o(x) = -x**2 - 37*x + 27. What are the prime factors of o(-26)?
313
Let f = 14 - 3. Let m = 14 - f. Suppose 3*v = -m*d + 69, -d - 2*d - 99 = -5*v. List the prime factors of v.
3, 7
List the prime factors of 124/(-186)*(-7767)/2.
3, 863
Let z = 39 - 63. Let t = z + 15. What are the prime factors of 18 + 3/(t/(-6))?
2, 5
Let b(y) = -y**3 + 2*y**2 + 2*y - 3. Let w be b(2). What are the prime factors of ((-1)/(3/(-21)))/w?
7
Suppose 20*k = 26*k - 2010. What are the prime factors of k?
5, 67
Suppose -4*b = -4*a + 1872, -5*b = -101*a + 104*a - 1396. List the prime factors of a.
467
Let r = 1535 + -128. List the prime factors of r.
3, 7, 67
Suppose -12*c + 17*c - 120 = 0. Suppose 6 = k + 5*u, -u - 3*u + c = 4*k. What are the prime factors of k?
2, 3
Let g(s) = s**3 + 9*s**2 - 29*s + 21. What are the prime factors of g(-9)?
2, 3, 47
Suppose -l + 215 = -5*z, 46*l - 47*l = 5*z - 175. List the prime factors of l.
3, 5, 13
Let q = 352 + -607. Let o = q - -444. List the prime factors of o.
3, 7
Let o be (-3)/2*(4 + (-26)/(-3)). What are the prime factors of 20 + o + (0 - -21) + -1?
3, 7
Let u = -106 - -160. Suppose -f - f = 8, 0 = o - f - u. List the prime factors of o.
2, 5
Suppose 8*k - 790 - 1530 = 0. What are the prime factors of k?
2, 5, 29
Let j(t) = t**3 - 13*t**2 + 11*t + 17. Let x be j(12). Suppose 4*p + a = 205, a + 319 - 65 = x*p. List the prime factors of p.
3, 17
Let s(c) = 2*c**2 - 23*c + 13. Let v be s(12). List the prime factors of 3/5 - (-1585)/v.
2
Let f(z) = -73*z - 155. What are the prime factors of f(-8)?
3, 11, 13
Suppose 3384 = 10*x - x. Let q = -206 + x. What are the prime factors of q?
2, 5, 17
Suppose 4*l - i - 24 = 0, -3*i + 4*i + 4 = 0. Suppose 0 = -l*a - 5*p + 255, 0 = a + 3*a + 2*p - 202. Suppose -3*f = -4*f + a. List the prime factors of f.
2, 5
Let w be (-11)/22 - ((-514)/4 - -1). Let o = w - 39. List the prime factors of o.
2, 11
Suppose 0 = -4*x + 5*c - 154, 0 = -2*x - 5*c - 93 + 31. Suppose -94 + 366 = -4*n. Let y = x - n. List the prime factors of y.
2
Suppose -4*v - 7*l = -8*l - 3322, -4*v + 4*l = -3316. List the prime factors of v.
3, 277
Let o(h) = -127*h - 824. What are the prime factors of o(-26)?
2, 3, 7, 59
Suppose 0*u = -2*u + 7*u. Let b(c) = c + 1. Let t be b(3). Suppose -3*x = -y + 34, u = -t*y + 4*x + x + 115. What are the prime factors of y?
5
Let c = 19 - 35. List the prime factors of (-1236)/c - 6/24.
7, 11
Let l be ((-21)/9 + -1)/((-2)/3). Let c(j) = j**3 + j**2 - 5*j - 4. List the prime factors of c(l).
11
Let f = 599 + -355. What are the prime factors of f?
2, 61
Let a(w) = 3*w**2. Let o = 11 - 13. Let z be a(o). Let b = 15 - z. What are the prime factors of b?
3
Suppose 15*w - 12345 = 900. What are the prime factors of w?
883
Let y be (-156)/9 - 1/(-3). Let q = y + 100. What are the prime factors of q?
83
Let l(y) = y + 10. Let c be l(-10). Suppose 181 = -5*p + 3*a, c = -4*p + a - 38 - 111. What are the prime factors of p/(-2) + 6/(-2)?
2
Suppose 5*h = 2*k - 1143, -2*k + 3*h + 754 = -399. List the prime factors of k.
2, 73
Let s = -320 - 168. List the prime factors of ((-1)/(-8)*4)/((-2)/s).
2, 61
Let c = -215 - -114. Let o = 5 - c. What are the prime factors of o?
2, 53
Suppose 4*p - 157 - 171 = 0. Let g = p + -50. What are the prime factors of g?
2
Suppose 0 = 3*v - 5*p + 338, p + 428 = -4*v + 2*p. Let g = v - -183. List the prime